{"id":18983,"date":"2019-07-13T12:50:17","date_gmt":"2019-07-13T10:50:17","guid":{"rendered":"https:\/\/wyschiff.ch\/winzer-detail\/chateau-de-praz\/"},"modified":"2025-01-07T11:27:22","modified_gmt":"2025-01-07T10:27:22","slug":"chateau-de-praz","status":"publish","type":"avada_portfolio","link":"http:\/\/wyschiff.ch\/fr\/winzer-detail\/chateau-de-praz\/","title":{"rendered":"Ch\u00e2teau de Praz"},"content":{"rendered":"<p><div class=\"fusion-fullwidth fullwidth-box fusion-builder-row-1 fusion-parallax-fixed nonhundred-percent-fullwidth non-hundred-percent-height-scrolling fusion-equal-height-columns lazyload\" style=\"--awb-border-radius-top-left:0px;--awb-border-radius-top-right:0px;--awb-border-radius-bottom-right:0px;--awb-border-radius-bottom-left:0px;--awb-padding-top:10%;--awb-padding-right:10%;--awb-padding-bottom:10%;--awb-padding-left:10%;--awb-background-size:cover;--awb-flex-wrap:wrap;background-attachment:fixed;\" data-bg=\"https:\/\/wyschiff.ch\/wp-content\/uploads\/2019\/09\/Ch\u00e2teau-5.jpg\" ><div class=\"fusion-builder-row fusion-row\"><div class=\"fusion-layout-column fusion_builder_column fusion-builder-column-0 fusion_builder_column_1_1 1_1 fusion-one-full fusion-column-first fusion-column-last\" style=\"--awb-bg-position:center center;--awb-bg-size:cover;--awb-margin-bottom:0px;\"><div class=\"fusion-column-wrapper fusion-column-has-shadow fusion-flex-column-wrapper-legacy\"><div class=\"fusion-sep-clear\"><\/div><div class=\"fusion-separator fusion-full-width-sep\" style=\"margin-left: auto;margin-right: auto;margin-top:200px;width:100%;\"><\/div><div class=\"fusion-sep-clear\"><\/div><div class=\"fusion-clearfix\"><\/div><\/div><\/div><\/div><\/div><div class=\"fusion-fullwidth fullwidth-box fusion-builder-row-2 nonhundred-percent-fullwidth non-hundred-percent-height-scrolling\" style=\"--awb-border-radius-top-left:0px;--awb-border-radius-top-right:0px;--awb-border-radius-bottom-right:0px;--awb-border-radius-bottom-left:0px;--awb-padding-top:10px;--awb-padding-right:0px;--awb-padding-bottom:10px;--awb-padding-left:0px;--awb-background-color:#8e1f70;--awb-flex-wrap:wrap;\" ><div class=\"fusion-builder-row fusion-row\"><div class=\"fusion-layout-column fusion_builder_column fusion-builder-column-1 fusion_builder_column_1_1 1_1 fusion-one-full fusion-column-first fusion-column-last\" style=\"--awb-bg-position:center center;--awb-bg-size:cover;--awb-margin-bottom:0px;\"><div class=\"fusion-column-wrapper fusion-column-has-shadow fusion-flex-column-wrapper-legacy\"><div class=\"fusion-title title fusion-title-1 fusion-sep-none fusion-title-center fusion-title-text fusion-title-size-one\" style=\"--awb-text-color:#ffffff;--awb-margin-top:30px;--awb-margin-top-small:10px;--awb-margin-bottom-small:10px;\"><h1 class=\"fusion-title-heading title-heading-center\" style=\"margin:0;\"><p style=\"text-align: left;\">Ch\u00e2teau de Praz<\/p><\/h1><\/div><div class=\"fusion-clearfix\"><\/div><\/div><\/div><\/div><\/div><div class=\"fusion-fullwidth fullwidth-box fusion-builder-row-3 nonhundred-percent-fullwidth non-hundred-percent-height-scrolling\" style=\"--awb-border-radius-top-left:0px;--awb-border-radius-top-right:0px;--awb-border-radius-bottom-right:0px;--awb-border-radius-bottom-left:0px;--awb-flex-wrap:wrap;\" ><div class=\"fusion-builder-row fusion-row\"><div class=\"fusion-layout-column fusion_builder_column fusion-builder-column-2 fusion_builder_column_1_1 1_1 fusion-one-full fusion-column-first fusion-column-last\" style=\"--awb-bg-size:cover;--awb-margin-bottom:0px;\"><div class=\"fusion-column-wrapper fusion-flex-column-wrapper-legacy\"><div class=\"fusion-sep-clear\"><\/div><div class=\"fusion-separator fusion-full-width-sep\" style=\"margin-left: auto;margin-right: auto;margin-top:30px;width:100%;\"><\/div><div class=\"fusion-sep-clear\"><\/div><div class=\"fusion-text fusion-text-1\"><h2>Le Ch\u00e2teau de Praz, situ\u00e9 dans un cadre idyllique au bord du lac de Morat, a \u00e9t\u00e9 construit en 1521 et a toujours \u00e9t\u00e9 associ\u00e9 \u00e0 la vigne et au vin.<br \/>\nDepuis le 1er avril 2011, la 5e g\u00e9n\u00e9ration de la famille Chervet dirige le domaine viticole qui compte 12 hectares de vignes en propri\u00e9t\u00e9.<br \/>\nElle emploie une \u00e9quipe internationale de cinq personnes.  <\/h2>\n<h2>Passionn\u00e9s, dynamiques et ouverts, Maryl\u00e8ne et Louis Bovard-Chervet ont pour philosophie de travailler de la mani\u00e8re la plus naturelle, la plus proche du produit et la plus durable possible.<br \/>\nIls se sont sp\u00e9cialis\u00e9s dans la production de vins blancs.<br \/>\nLes vins du Vully, en particulier le traditionnel chasselas, doivent \u00eatre aussi expressifs, frais et p\u00e9tillants que possible.  <\/h2>\n<h2>La gamme du Ch\u00e2teau de Praz compte douze vins, tous issus de c\u00e9pages purs.<br \/>\nLes vins acqui\u00e8rent ainsi une grande libert\u00e9 d&rsquo;expression d&rsquo;une ann\u00e9e sur l&rsquo;autre, tout en pr\u00e9servant les sp\u00e9cificit\u00e9s de chaque c\u00e9page.<br \/>\nIls portent toujours la signature de Louis, le vigneron, et de Maryl\u00e8ne, l&rsquo;\u0153nologue.  <\/h2>\n<\/div><div class=\"fusion-clearfix\"><\/div><\/div><\/div><\/div><\/div><div class=\"fusion-fullwidth fullwidth-box fusion-builder-row-4 nonhundred-percent-fullwidth non-hundred-percent-height-scrolling\" style=\"--awb-border-radius-top-left:0px;--awb-border-radius-top-right:0px;--awb-border-radius-bottom-right:0px;--awb-border-radius-bottom-left:0px;--awb-flex-wrap:wrap;\" ><div class=\"fusion-builder-row fusion-row\"><div class=\"fusion-layout-column fusion_builder_column fusion-builder-column-3 fusion_builder_column_1_1 1_1 fusion-one-full fusion-column-first fusion-column-last\" style=\"--awb-bg-size:cover;\"><div class=\"fusion-column-wrapper fusion-column-has-shadow fusion-flex-column-wrapper-legacy\"><div class=\"fusion-sep-clear\"><\/div><div class=\"fusion-separator fusion-full-width-sep\" style=\"margin-left: auto;margin-right: auto;margin-top:30px;width:100%;\"><div class=\"fusion-separator-border sep-single sep-solid\" style=\"--awb-height:20px;--awb-amount:20px;border-color:#e0dede;border-top-width:1px;\"><\/div><\/div><div class=\"fusion-sep-clear\"><\/div><div class=\"fusion-clearfix\"><\/div><\/div><\/div><div class=\"fusion-layout-column fusion_builder_column fusion-builder-column-4 fusion_builder_column_1_3 1_3 fusion-one-third fusion-column-first\" style=\"--awb-bg-size:cover;width:33.333333333333%;width:calc(33.333333333333% - ( ( 4% + 4% ) * 0.33333333333333 ) );margin-right: 4%;\"><div class=\"fusion-column-wrapper fusion-column-has-shadow fusion-flex-column-wrapper-legacy\"><div class=\"fusion-image-element fusion-image-align-center in-legacy-container\" style=\"text-align:center;--awb-max-width:200px;--awb-caption-title-font-family:var(--h2_typography-font-family);--awb-caption-title-font-weight:var(--h2_typography-font-weight);--awb-caption-title-font-style:var(--h2_typography-font-style);--awb-caption-title-size:var(--h2_typography-font-size);--awb-caption-title-transform:var(--h2_typography-text-transform);--awb-caption-title-line-height:var(--h2_typography-line-height);--awb-caption-title-letter-spacing:var(--h2_typography-letter-spacing);\"><div class=\"imageframe-align-center\"><span class=\" fusion-imageframe imageframe-none imageframe-1 hover-type-none\"><img decoding=\"async\" width=\"354\" height=\"284\" title=\"chateau-de-praz\" src=\"http:\/\/wyschiff.ch\/wp-content\/uploads\/2019\/08\/chateau-de-praz.jpg\" data-orig-src=\"https:\/\/wyschiff.ch\/wp-content\/uploads\/2019\/08\/chateau-de-praz.jpg\" alt class=\"lazyload img-responsive wp-image-17740\" srcset=\"data:image\/svg+xml,%3Csvg%20xmlns%3D%27http%3A%2F%2Fwww.w3.org%2F2000%2Fsvg%27%20width%3D%27354%27%20height%3D%27284%27%20viewBox%3D%270%200%20354%20284%27%3E%3Crect%20width%3D%27354%27%20height%3D%27284%27%20fill-opacity%3D%220%22%2F%3E%3C%2Fsvg%3E\" data-srcset=\"http:\/\/wyschiff.ch\/wp-content\/uploads\/2019\/08\/chateau-de-praz-200x160.jpg 200w, http:\/\/wyschiff.ch\/wp-content\/uploads\/2019\/08\/chateau-de-praz.jpg 354w\" data-sizes=\"auto\" data-orig-sizes=\"(max-width: 800px) 100vw, 354px\" \/><\/span><\/div><\/div><div class=\"fusion-clearfix\"><\/div><\/div><\/div><div class=\"fusion-layout-column fusion_builder_column fusion-builder-column-5 fusion_builder_column_1_3 1_3 fusion-one-third\" style=\"--awb-padding-top:10%;--awb-padding-right:10%;--awb-padding-bottom:10%;--awb-padding-left:10%;--awb-bg-size:cover;--awb-border-color:rgba(0,0,0,0.6);--awb-border-top:0;--awb-border-right:0;--awb-border-bottom:0;--awb-border-left:0;--awb-border-style:solid;width:33.333333333333%;width:calc(33.333333333333% - ( ( 4% + 4% ) * 0.33333333333333 ) );margin-right: 4%;\"><div class=\"fusion-column-wrapper fusion-column-has-shadow fusion-flex-column-wrapper-legacy\"><div class=\"fusion-person person fusion-person-center fusion-person-1 fusion-person-icon-bottom\" style=\"--awb-pic-style-color:#000000;--awb-pic-borderradius:0px;--awb-margin-top:0px;--awb-margin-right:0px;--awb-margin-bottom:0px;--awb-margin-left:0px;--awb-social-box-border-top:0px;--awb-social-box-border-right:0px;--awb-social-box-border-bottom:0px;--awb-social-box-border-left:0px;--awb-social-box-border-color:var(--awb-color3);--awb-social-box-border-color-hover:var(--awb-color4);--awb-social-box-colors-hover:rgba(232,232,232,0.8);--awb-social-icon-boxed-colors:#e8e8e8;--awb-social-icon-colors:#8e1f70;--awb-social-icon-colors-hover:rgba(190,189,189,0.8);\"><div class=\"person-desc\"><div class=\"person-author\"><div class=\"person-author-wrapper\"><span class=\"person-name\">Ch\u00e2teau de Praz<\/span><span class=\"person-title\"><\/span><\/div><\/div><div class=\"person-content fusion-clearfix\">Maryl\u00e8ne et Louis Bovard-Chervet<br \/>\nRue du Ch\u00e2teau 1<br \/>\n1788 Praz-Vully<\/div><div class=\"fusion-social-networks boxed-icons\"><div class=\"fusion-social-networks-wrapper\"><a class=\"fusion-social-network-icon fusion-tooltip fusion-instagram awb-icon-instagram custom\" aria-label=\"fusion-instagram\" href=\"www.instagram.com\/chateau_de_praz\" target=\"_blank\" rel=\"noopener noreferrer\" style=\"color:#8e1f70;background-color:#e8e8e8;border-color:var(--awb-color3);border-radius:4px;font-size:16px;padding:8px;\" data-placement=\"top\" data-title=\"Instagram\" title=\"Instagram\" data-toggle=\"tooltip\"><\/a><a class=\"fusion-social-network-icon fusion-tooltip fusion-mail awb-icon-mail custom\" aria-label=\"fusion-mail\" href=\"mailto:i&#110;&#102;&#111;&#064;cha&#116;ea&#117;d&#101;&#112;r&#097;&#122;.&#099;h\" target=\"_self\" style=\"color:#8e1f70;background-color:#e8e8e8;border-color:var(--awb-color3);border-radius:4px;font-size:16px;padding:8px;\" data-placement=\"top\" data-title=\"Mail\" title=\"Mail\" data-toggle=\"tooltip\"><\/a><\/div><\/div><\/div><\/div><div class=\"fusion-clearfix\"><\/div><\/div><\/div><div class=\"fusion-layout-column fusion_builder_column fusion-builder-column-6 fusion_builder_column_1_3 1_3 fusion-one-third fusion-column-last\" style=\"--awb-padding-top:0px;--awb-padding-right:80px;--awb-padding-bottom:0px;--awb-padding-left:80px;--awb-bg-size:cover;width:33.333333333333%;width:calc(33.333333333333% - ( ( 4% + 4% ) * 0.33333333333333 ) );\"><div class=\"fusion-column-wrapper fusion-column-has-shadow fusion-flex-column-wrapper-legacy\"><div class=\"fusion-clearfix\"><\/div><\/div><\/div><\/div><\/div><\/p>\n","protected":false},"excerpt":{"rendered":"","protected":false},"author":1,"featured_media":17740,"menu_order":0,"comment_status":"closed","ping_status":"closed","template":"","format":"standard","meta":{"footnotes":""},"portfolio_category":[363],"portfolio_skills":[],"portfolio_tags":[338,349],"class_list":["post-18983","avada_portfolio","type-avada_portfolio","status-publish","format-standard","has-post-thumbnail","hentry","portfolio_category-trois-lacs","portfolio_tags-lucerne-fr","portfolio_tags-thun-fr"],"_links":{"self":[{"href":"http:\/\/wyschiff.ch\/fr\/wp-json\/wp\/v2\/avada_portfolio\/18983"}],"collection":[{"href":"http:\/\/wyschiff.ch\/fr\/wp-json\/wp\/v2\/avada_portfolio"}],"about":[{"href":"http:\/\/wyschiff.ch\/fr\/wp-json\/wp\/v2\/types\/avada_portfolio"}],"author":[{"embeddable":true,"href":"http:\/\/wyschiff.ch\/fr\/wp-json\/wp\/v2\/users\/1"}],"replies":[{"embeddable":true,"href":"http:\/\/wyschiff.ch\/fr\/wp-json\/wp\/v2\/comments?post=18983"}],"version-history":[{"count":6,"href":"http:\/\/wyschiff.ch\/fr\/wp-json\/wp\/v2\/avada_portfolio\/18983\/revisions"}],"predecessor-version":[{"id":19545,"href":"http:\/\/wyschiff.ch\/fr\/wp-json\/wp\/v2\/avada_portfolio\/18983\/revisions\/19545"}],"wp:featuredmedia":[{"embeddable":true,"href":"http:\/\/wyschiff.ch\/fr\/wp-json\/wp\/v2\/media\/17740"}],"wp:attachment":[{"href":"http:\/\/wyschiff.ch\/fr\/wp-json\/wp\/v2\/media?parent=18983"}],"wp:term":[{"taxonomy":"portfolio_category","embeddable":true,"href":"http:\/\/wyschiff.ch\/fr\/wp-json\/wp\/v2\/portfolio_category?post=18983"},{"taxonomy":"portfolio_skills","embeddable":true,"href":"http:\/\/wyschiff.ch\/fr\/wp-json\/wp\/v2\/portfolio_skills?post=18983"},{"taxonomy":"portfolio_tags","embeddable":true,"href":"http:\/\/wyschiff.ch\/fr\/wp-json\/wp\/v2\/portfolio_tags?post=18983"}],"curies":[{"name":"wp","href":"https:\/\/api.w.org\/{rel}","templated":true}]}}

Château de Praz

<p><div class="fusion-fullwidth fullwidth-box fusion-builder-row-1 fusion-parallax-fixed nonhundred-percent-fullwidth non-hundred-percent-height-scrolling fusion-equal-height-columns lazyload" style="--awb-border-radius-top-left:0px;--awb-border-radius-top-right:0px;--awb-border-radius-bottom-right:0px;--awb-border-radius-bottom-left:0px;--awb-padding-top:10%;--awb-padding-right:10%;--awb-padding-bottom:10%;--awb-padding-left:10%;--awb-background-size:cover;--awb-flex-wrap:wrap;background-attachment:fixed;" data-bg="https://wyschiff.ch/wp-content/uploads/2019/09/Château-5.jpg" ><div class="fusion-builder-row fusion-row"><div class="fusion-layout-column fusion_builder_column fusion-builder-column-0 fusion_builder_column_1_1 1_1 fusion-one-full fusion-column-first fusion-column-last" style="--awb-bg-position:center center;--awb-bg-size:cover;--awb-margin-bottom:0px;"><div class="fusion-column-wrapper fusion-column-has-shadow fusion-flex-column-wrapper-legacy"><div class="fusion-sep-clear"></div><div class="fusion-separator fusion-full-width-sep" style="margin-left: auto;margin-right: auto;margin-top:200px;width:100%;"></div><div class="fusion-sep-clear"></div><div class="fusion-clearfix"></div></div></div></div></div><div class="fusion-fullwidth fullwidth-box fusion-builder-row-2 nonhundred-percent-fullwidth non-hundred-percent-height-scrolling" style="--awb-border-radius-top-left:0px;--awb-border-radius-top-right:0px;--awb-border-radius-bottom-right:0px;--awb-border-radius-bottom-left:0px;--awb-padding-top:10px;--awb-padding-right:0px;--awb-padding-bottom:10px;--awb-padding-left:0px;--awb-background-color:#8e1f70;--awb-flex-wrap:wrap;" ><div class="fusion-builder-row fusion-row"><div class="fusion-layout-column fusion_builder_column fusion-builder-column-1 fusion_builder_column_1_1 1_1 fusion-one-full fusion-column-first fusion-column-last" style="--awb-bg-position:center center;--awb-bg-size:cover;--awb-margin-bottom:0px;"><div class="fusion-column-wrapper fusion-column-has-shadow fusion-flex-column-wrapper-legacy"><div class="fusion-title title fusion-title-1 fusion-sep-none fusion-title-center fusion-title-text fusion-title-size-one" style="--awb-text-color:#ffffff;--awb-margin-top:30px;--awb-margin-top-small:10px;--awb-margin-bottom-small:10px;"><h1 class="fusion-title-heading title-heading-center" style="margin:0;"><p style="text-align: left;">Château de Praz</p></h1></div><div class="fusion-clearfix"></div></div></div></div></div><div class="fusion-fullwidth fullwidth-box fusion-builder-row-3 nonhundred-percent-fullwidth non-hundred-percent-height-scrolling" style="--awb-border-radius-top-left:0px;--awb-border-radius-top-right:0px;--awb-border-radius-bottom-right:0px;--awb-border-radius-bottom-left:0px;--awb-flex-wrap:wrap;" ><div class="fusion-builder-row fusion-row"><div class="fusion-layout-column fusion_builder_column fusion-builder-column-2 fusion_builder_column_1_1 1_1 fusion-one-full fusion-column-first fusion-column-last" style="--awb-bg-size:cover;--awb-margin-bottom:0px;"><div class="fusion-column-wrapper fusion-flex-column-wrapper-legacy"><div class="fusion-sep-clear"></div><div class="fusion-separator fusion-full-width-sep" style="margin-left: auto;margin-right: auto;margin-top:30px;width:100%;"></div><div class="fusion-sep-clear"></div><div class="fusion-text fusion-text-1"><h2>Le Château de Praz, situé dans un cadre idyllique au bord du lac de Morat, a été construit en 1521 et a toujours été associé à la vigne et au vin.<br />
Depuis le 1er avril 2011, la 5e génération de la famille Chervet dirige le domaine viticole qui compte 12 hectares de vignes en propriété.<br />
Elle emploie une équipe internationale de cinq personnes.  </h2>
<h2>Passionnés, dynamiques et ouverts, Marylène et Louis Bovard-Chervet ont pour philosophie de travailler de la manière la plus naturelle, la plus proche du produit et la plus durable possible.<br />
Ils se sont spécialisés dans la production de vins blancs.<br />
Les vins du Vully, en particulier le traditionnel chasselas, doivent être aussi expressifs, frais et pétillants que possible.  </h2>
<h2>La gamme du Château de Praz compte douze vins, tous issus de cépages purs.<br />
Les vins acquièrent ainsi une grande liberté d&rsquo;expression d&rsquo;une année sur l&rsquo;autre, tout en préservant les spécificités de chaque cépage.<br />
Ils portent toujours la signature de Louis, le vigneron, et de Marylène, l&rsquo;œnologue.  </h2>
</div><div class="fusion-clearfix"></div></div></div></div></div><div class="fusion-fullwidth fullwidth-box fusion-builder-row-4 nonhundred-percent-fullwidth non-hundred-percent-height-scrolling" style="--awb-border-radius-top-left:0px;--awb-border-radius-top-right:0px;--awb-border-radius-bottom-right:0px;--awb-border-radius-bottom-left:0px;--awb-flex-wrap:wrap;" ><div class="fusion-builder-row fusion-row"><div class="fusion-layout-column fusion_builder_column fusion-builder-column-3 fusion_builder_column_1_1 1_1 fusion-one-full fusion-column-first fusion-column-last" style="--awb-bg-size:cover;"><div class="fusion-column-wrapper fusion-column-has-shadow fusion-flex-column-wrapper-legacy"><div class="fusion-sep-clear"></div><div class="fusion-separator fusion-full-width-sep" style="margin-left: auto;margin-right: auto;margin-top:30px;width:100%;"><div class="fusion-separator-border sep-single sep-solid" style="--awb-height:20px;--awb-amount:20px;border-color:#e0dede;border-top-width:1px;"></div></div><div class="fusion-sep-clear"></div><div class="fusion-clearfix"></div></div></div><div class="fusion-layout-column fusion_builder_column fusion-builder-column-4 fusion_builder_column_1_3 1_3 fusion-one-third fusion-column-first" style="--awb-bg-size:cover;width:33.333333333333%;width:calc(33.333333333333% - ( ( 4% + 4% ) * 0.33333333333333 ) );margin-right: 4%;"><div class="fusion-column-wrapper fusion-column-has-shadow fusion-flex-column-wrapper-legacy"><div class="fusion-image-element fusion-image-align-center in-legacy-container" style="text-align:center;--awb-max-width:200px;--awb-caption-title-font-family:var(--h2_typography-font-family);--awb-caption-title-font-weight:var(--h2_typography-font-weight);--awb-caption-title-font-style:var(--h2_typography-font-style);--awb-caption-title-size:var(--h2_typography-font-size);--awb-caption-title-transform:var(--h2_typography-text-transform);--awb-caption-title-line-height:var(--h2_typography-line-height);--awb-caption-title-letter-spacing:var(--h2_typography-letter-spacing);"><div class="imageframe-align-center"><span class=" fusion-imageframe imageframe-none imageframe-1 hover-type-none"><img decoding="async" width="354" height="284" title="chateau-de-praz" src="http://wyschiff.ch/wp-content/uploads/2019/08/chateau-de-praz.jpg" data-orig-src="https://wyschiff.ch/wp-content/uploads/2019/08/chateau-de-praz.jpg" alt class="lazyload img-responsive wp-image-17740" srcset="data:image/svg+xml,%3Csvg%20xmlns%3D%27http%3A%2F%2Fwww.w3.org%2F2000%2Fsvg%27%20width%3D%27354%27%20height%3D%27284%27%20viewBox%3D%270%200%20354%20284%27%3E%3Crect%20width%3D%27354%27%20height%3D%27284%27%20fill-opacity%3D%220%22%2F%3E%3C%2Fsvg%3E" data-srcset="http://wyschiff.ch/wp-content/uploads/2019/08/chateau-de-praz-200x160.jpg 200w, http://wyschiff.ch/wp-content/uploads/2019/08/chateau-de-praz.jpg 354w" data-sizes="auto" data-orig-sizes="(max-width: 800px) 100vw, 354px" /></span></div></div><div class="fusion-clearfix"></div></div></div><div class="fusion-layout-column fusion_builder_column fusion-builder-column-5 fusion_builder_column_1_3 1_3 fusion-one-third" style="--awb-padding-top:10%;--awb-padding-right:10%;--awb-padding-bottom:10%;--awb-padding-left:10%;--awb-bg-size:cover;--awb-border-color:rgba(0,0,0,0.6);--awb-border-top:0;--awb-border-right:0;--awb-border-bottom:0;--awb-border-left:0;--awb-border-style:solid;width:33.333333333333%;width:calc(33.333333333333% - ( ( 4% + 4% ) * 0.33333333333333 ) );margin-right: 4%;"><div class="fusion-column-wrapper fusion-column-has-shadow fusion-flex-column-wrapper-legacy"><div class="fusion-person person fusion-person-center fusion-person-1 fusion-person-icon-bottom" style="--awb-pic-style-color:#000000;--awb-pic-borderradius:0px;--awb-margin-top:0px;--awb-margin-right:0px;--awb-margin-bottom:0px;--awb-margin-left:0px;--awb-social-box-border-top:0px;--awb-social-box-border-right:0px;--awb-social-box-border-bottom:0px;--awb-social-box-border-left:0px;--awb-social-box-border-color:var(--awb-color3);--awb-social-box-border-color-hover:var(--awb-color4);--awb-social-box-colors-hover:rgba(232,232,232,0.8);--awb-social-icon-boxed-colors:#e8e8e8;--awb-social-icon-colors:#8e1f70;--awb-social-icon-colors-hover:rgba(190,189,189,0.8);"><div class="person-desc"><div class="person-author"><div class="person-author-wrapper"><span class="person-name">Château de Praz</span><span class="person-title"></span></div></div><div class="person-content fusion-clearfix">Marylène et Louis Bovard-Chervet<br />
Rue du Château 1<br />
1788 Praz-Vully</div><div class="fusion-social-networks boxed-icons"><div class="fusion-social-networks-wrapper"><a class="fusion-social-network-icon fusion-tooltip fusion-instagram awb-icon-instagram custom" aria-label="fusion-instagram" href="www.instagram.com/chateau_de_praz" target="_blank" rel="noopener noreferrer" style="color:#8e1f70;background-color:#e8e8e8;border-color:var(--awb-color3);border-radius:4px;font-size:16px;padding:8px;" data-placement="top" data-title="Instagram" title="Instagram" data-toggle="tooltip"></a><a class="fusion-social-network-icon fusion-tooltip fusion-mail awb-icon-mail custom" aria-label="fusion-mail" href="mailto:i&#110;&#102;&#111;&#064;cha&#116;ea&#117;d&#101;&#112;r&#097;&#122;.&#099;h" target="_self" style="color:#8e1f70;background-color:#e8e8e8;border-color:var(--awb-color3);border-radius:4px;font-size:16px;padding:8px;" data-placement="top" data-title="Mail" title="Mail" data-toggle="tooltip"></a></div></div></div></div><div class="fusion-clearfix"></div></div></div><div class="fusion-layout-column fusion_builder_column fusion-builder-column-6 fusion_builder_column_1_3 1_3 fusion-one-third fusion-column-last" style="--awb-padding-top:0px;--awb-padding-right:80px;--awb-padding-bottom:0px;--awb-padding-left:80px;--awb-bg-size:cover;width:33.333333333333%;width:calc(33.333333333333% - ( ( 4% + 4% ) * 0.33333333333333 ) );"><div class="fusion-column-wrapper fusion-column-has-shadow fusion-flex-column-wrapper-legacy"><div class="fusion-clearfix"></div></div></div></div></div></p>
